{"id":1028,"date":"2020-01-20T09:00:55","date_gmt":"2020-01-20T08:00:55","guid":{"rendered":"https:\/\/www.fairsquared.com\/fair-squared\/seifenproduktion\/"},"modified":"2025-11-21T17:55:35","modified_gmt":"2025-11-21T16:55:35","slug":"production-de-savon","status":"publish","type":"page","link":"https:\/\/www.fairsquared.com\/fr\/fair-squared\/production-de-savon\/","title":{"rendered":"Production de savons"},"content":{"rendered":"\n<div class=\"wp-block-columns is-layout-flex wp-container-core-columns-is-layout-9d6595d7 wp-block-columns-is-layout-flex\">\n<div class=\"wp-block-column is-layout-flow wp-block-column-is-layout-flow\" style=\"flex-basis:33.33%\">\n<figure class=\"wp-block-image size-large\"><img loading=\"lazy\" decoding=\"async\" width=\"384\" height=\"384\" src=\"https:\/\/www.fairsquared.com\/wp-content\/uploads\/2020\/02\/Kairo.jpg\" alt=\"\" class=\"wp-image-2435\" srcset=\"https:\/\/www.fairsquared.com\/wp-content\/uploads\/2020\/02\/Kairo.jpg 384w, https:\/\/www.fairsquared.com\/wp-content\/uploads\/2020\/02\/Kairo-150x150.jpg 150w\" sizes=\"(max-width: 384px) 100vw, 384px\" \/><figcaption>Ma\u00eetre savonnier d&rsquo;Alep, Mohamad Khiro<\/figcaption><\/figure>\n\n\n\n<figure class=\"wp-block-image size-large\"><img loading=\"lazy\" decoding=\"async\" width=\"384\" height=\"384\" src=\"https:\/\/www.fairsquared.com\/wp-content\/uploads\/2020\/02\/haarseife-stueck-1.jpg\" alt=\"Haarseife, Stueck\" class=\"wp-image-2303\" srcset=\"https:\/\/www.fairsquared.com\/wp-content\/uploads\/2020\/02\/haarseife-stueck-1.jpg 384w, https:\/\/www.fairsquared.com\/wp-content\/uploads\/2020\/02\/haarseife-stueck-1-150x150.jpg 150w\" sizes=\"(max-width: 384px) 100vw, 384px\" \/><\/figure>\n\n\n\n<figure class=\"wp-block-image size-large\"><img loading=\"lazy\" decoding=\"async\" width=\"384\" height=\"384\" src=\"https:\/\/www.fairsquared.com\/wp-content\/uploads\/2020\/02\/aleppostueck.jpg\" alt=\"Aleppo Soap, Block\" class=\"wp-image-2243\" srcset=\"https:\/\/www.fairsquared.com\/wp-content\/uploads\/2020\/02\/aleppostueck.jpg 384w, https:\/\/www.fairsquared.com\/wp-content\/uploads\/2020\/02\/aleppostueck-150x150.jpg 150w\" sizes=\"(max-width: 384px) 100vw, 384px\" \/><\/figure>\n<\/div>\n\n\n\n<div class=\"wp-block-column is-layout-flow wp-block-column-is-layout-flow\" style=\"flex-basis:66.66%\">\n<h1 class=\"wp-block-heading\"><strong>Mohamad et les savons FAIR SQUARED<\/strong><\/h1>\n\n\n\n<p> \u00c7a n&rsquo;aurait pas pu mieux tomber ! En 2018, lorsque nous avons d\u00e9cid\u00e9 d&rsquo;int\u00e9grer les savons artisanaux en mati\u00e8res premi\u00e8res du commerce \u00e9quitable dans notre gamme, nous avons fait une rencontre du destin. \u00c0 l&rsquo;\u00e9poque, nous avions d\u00e9j\u00e0 fabriqu\u00e9 les premiers prototypes de nos savons naturels et \u00e9tions en train d&rsquo;en organiser la production. Quelques questions restaient cependant ouvertes\u00a0: qui va prendre en charge cette production\u00a0? Quelles sortes de savons vont venir compl\u00e9ter la gamme FAIR SQUARED\u00a0? Comment faire pour que tout cela soit le plus \u00e9quitable et \u00e9cologique possible\u00a0? Un jour nous avons eu une r\u00e9ponse \u00e0 notre petite annonce, qui a attir\u00e9 toute notre attention. <\/p>\n\n\n\n<h2 class=\"wp-block-heading\"> Un colonais d&rsquo;Alep nous a \u00e9crit<\/h2>\n\n\n\n<p> Quelqu&rsquo;un d&rsquo;agr\u00e9able, de Cologne avec un CV qui nous a tout de suite interpel\u00e9s. Mohamad Khiro, qui vit avec sa femme et ses six enfants dans un quartier au sud de Cologne nous a envoy\u00e9 sa candidature. Quand nous l&rsquo;avons invit\u00e9 \u00e0 un entretien, il nous a racont\u00e9 une histoire que nous ne pouvions pas garder pour nous, son histoire. <\/p>\n\n\n\n<h2 class=\"wp-block-heading\"> LA SYRIE, PAYS EN GUERRE\u00a0: \u00c0 L&rsquo;ORIGINE DU TR\u00c8S CONNU SAVON D&rsquo;ALEP<\/h2>\n\n\n\n<p> La ville d&rsquo;Alep en Syrie, d&rsquo;o\u00f9 la famille Khiro est originaire, est mondialement connue pour ses savons naturels. D&rsquo;ailleurs, on associe facilement la ville d&rsquo;Alep au savon traditionel. Ces derni\u00e8res ann\u00e9es, l&rsquo;histoire de cette ville est in\u00e9vitablement associ\u00e9e \u00e0 la guerre civile. Beaucoup de gens comme Mohamad et sa famille ont v\u00e9cu cette histoire avant de prendre la fuite par le Liban pour aller en Allemagne. <\/p>\n\n\n\n<h2 class=\"wp-block-heading\"> D&rsquo;ALEP \u00c0 COLOGNE <\/h2>\n\n\n\n<p> M\u00eame si cela fait un peu clich\u00e9, c&rsquo;est une histoire vraie\u00a0: dans sa ville d&rsquo;origine \u00e0 Alep, Mohamad avait une entreprise fleurissante, dont les 15 employ\u00e9s produisaient et commercialisaient du savon et des produits d&rsquo;entretien. En 2011, lorsque la situation se compliqua, son entreprise et sa maison furent totalement d\u00e9truites. L&rsquo;id\u00e9e de devoir quitter le pays se pr\u00e9cisa. Apr\u00e8s un s\u00e9jour d&rsquo;un an et demi au Liban, ils se mirent en chemin vers l&rsquo;Allemagne en d\u00e9cembre 2013. La famille Khiro vit depuis 2015 dans une ville voisine de Cologne. En ce qui concerne Mohamad, il n&rsquo;a jamais renonc\u00e9 \u00e0 l&rsquo;id\u00e9e de poursuivre dans la fabrication du savon. En 2017, il a cr\u00e9\u00e9 une petite entreprise pour pouvoir continuer \u00e0 se consacrer \u00e0 la production du savon d&rsquo;Alep. Ce n&rsquo;\u00e9tait que le d\u00e9but&#8230; <\/p>\n\n\n\n<h2 class=\"wp-block-heading\"> ET UNE CHOSE EN ENTRAINA UNE AUTRE&nbsp; <\/h2>\n\n\n\n<p> Depuis d\u00e9but 2019, Mohamad est un membre de notre \u00e9quipe et chez nous, il peut poursuivre avec d\u00e9vouement ce qu&rsquo;il faisait il y a d\u00e9j\u00e0 quelques ann\u00e9es en Syrie. Nous sommes fiers qu&rsquo;il fasse d\u00e9sormais partie de notre \u00e9quipe. <\/p>\n\n\n\n<h2 class=\"wp-block-heading\"> MAIS EN QUOI CONSISTE LE TRAVAIL DE MOHAMAD CHEZ NOUS&nbsp;? <\/h2>\n\n\n\n<p> Mohamad fabrique le savon syrien, qui ne contient ni parfum, ni colorants, ni conservateurs, ni ar\u00f4mes artificiels, selon les proc\u00e9d\u00e9s traditionels avec tout l&rsquo;art d&rsquo;un ma\u00eetre savonnier d&rsquo;Alep. Comme il les fabrique pour nous et que nous sommes une entreprise Fairtrade, il utilise exclusivement de l&rsquo;huile d&rsquo;olive Fairtrade et de l&rsquo;huile pr\u00e9cieuse de laurier provenant d&rsquo;une plantation biologique.  <\/p>\n\n\n\n<h2 class=\"wp-block-heading\"> SAVONS ARTISANAUX FAIRTRADE DE RH\u00c9NANIE <\/h2>\n\n\n\n<p> En plus des savons naturels traditionels syriens, Mohamad produit aussi d&rsquo;autres sortes de savons solides, parmi lesquels le savon FAIR SQUARED \u00e0 la bi\u00e8re bio K\u00f6lsch de la brasserie Heller. Ce savon est destin\u00e9 aux cheveux et au cuir chevelu et en fonction des autres ingr\u00e9dients qui entrent dans sa composition, il exerce une action soignante pour les diff\u00e9rents types de cheveux et de cuirs chevelus. L&rsquo;id\u00e9e sous-jacente de nos savons \u00e0 la bi\u00e8re nous est venue car avant, les boissons contenant du houblon \u00e9taient utilis\u00e9es sur les cheveux et le cuir chevelu en raison de leur taux \u00e9lev\u00e9 en oligo\u00e9l\u00e9ments et min\u00e9raux. On attribue un effet miraculeux \u00e0 cette recette de grand-m\u00e8re. Tout aussi miraculeux que le hasard de notre rencontre avec Mohamad. <\/p>\n<\/div>\n<\/div>\n\n\n\n<h2 class=\"wp-block-heading\"> <\/h2>\n\n\n\n<p> <\/p>\n\n\n\n<p> <\/p>\n\n\n\n<p><\/p>\n","protected":false},"excerpt":{"rendered":"<p>Mohamad et les savons FAIR SQUARED \u00c7a n&rsquo;aurait pas pu mieux tomber ! En 2018, lorsque nous avons d\u00e9cid\u00e9 d&rsquo;int\u00e9grer les savons artisanaux en mati\u00e8res premi\u00e8res du commerce \u00e9quitable dans notre gamme, nous avons fait une rencontre du destin. \u00c0 l&rsquo;\u00e9poque, nous avions d\u00e9j\u00e0 fabriqu\u00e9 les premiers prototypes [&hellip;]<\/p>\n","protected":false},"author":5,"featured_media":0,"parent":1004,"menu_order":12,"comment_status":"closed","ping_status":"closed","template":"","meta":{"_acf_changed":false,"footnotes":""},"class_list":["post-1028","page","type-page","status-publish","hentry"],"acf":[],"_links":{"self":[{"href":"https:\/\/www.fairsquared.com\/fr\/wp-json\/wp\/v2\/pages\/1028","targetHints":{"allow":["GET"]}}],"collection":[{"href":"https:\/\/www.fairsquared.com\/fr\/wp-json\/wp\/v2\/pages"}],"about":[{"href":"https:\/\/www.fairsquared.com\/fr\/wp-json\/wp\/v2\/types\/page"}],"author":[{"embeddable":true,"href":"https:\/\/www.fairsquared.com\/fr\/wp-json\/wp\/v2\/users\/5"}],"replies":[{"embeddable":true,"href":"https:\/\/www.fairsquared.com\/fr\/wp-json\/wp\/v2\/comments?post=1028"}],"version-history":[{"count":1,"href":"https:\/\/www.fairsquared.com\/fr\/wp-json\/wp\/v2\/pages\/1028\/revisions"}],"predecessor-version":[{"id":19220,"href":"https:\/\/www.fairsquared.com\/fr\/wp-json\/wp\/v2\/pages\/1028\/revisions\/19220"}],"up":[{"embeddable":true,"href":"https:\/\/www.fairsquared.com\/fr\/wp-json\/wp\/v2\/pages\/1004"}],"wp:attachment":[{"href":"https:\/\/www.fairsquared.com\/fr\/wp-json\/wp\/v2\/media?parent=1028"}],"curies":[{"name":"wp","href":"https:\/\/api.w.org\/{rel}","templated":true}]}}

<div class="wp-block-columns is-layout-flex wp-container-core-columns-is-layout-9d6595d7 wp-block-columns-is-layout-flex">
<div class="wp-block-column is-layout-flow wp-block-column-is-layout-flow" style="flex-basis:33.33%">
<figure class="wp-block-image size-large"><img loading="lazy" decoding="async" width="384" height="384" src="https://www.fairsquared.com/wp-content/uploads/2020/02/Kairo.jpg" alt="" class="wp-image-2435" srcset="https://www.fairsquared.com/wp-content/uploads/2020/02/Kairo.jpg 384w, https://www.fairsquared.com/wp-content/uploads/2020/02/Kairo-150x150.jpg 150w" sizes="(max-width: 384px) 100vw, 384px" /><figcaption>Maître savonnier d&rsquo;Alep, Mohamad Khiro</figcaption></figure>



<figure class="wp-block-image size-large"><img loading="lazy" decoding="async" width="384" height="384" src="https://www.fairsquared.com/wp-content/uploads/2020/02/haarseife-stueck-1.jpg" alt="Haarseife, Stueck" class="wp-image-2303" srcset="https://www.fairsquared.com/wp-content/uploads/2020/02/haarseife-stueck-1.jpg 384w, https://www.fairsquared.com/wp-content/uploads/2020/02/haarseife-stueck-1-150x150.jpg 150w" sizes="(max-width: 384px) 100vw, 384px" /></figure>



<figure class="wp-block-image size-large"><img loading="lazy" decoding="async" width="384" height="384" src="https://www.fairsquared.com/wp-content/uploads/2020/02/aleppostueck.jpg" alt="Aleppo Soap, Block" class="wp-image-2243" srcset="https://www.fairsquared.com/wp-content/uploads/2020/02/aleppostueck.jpg 384w, https://www.fairsquared.com/wp-content/uploads/2020/02/aleppostueck-150x150.jpg 150w" sizes="(max-width: 384px) 100vw, 384px" /></figure>
</div>



<div class="wp-block-column is-layout-flow wp-block-column-is-layout-flow" style="flex-basis:66.66%">
<h1 class="wp-block-heading"><strong>Mohamad et les savons FAIR SQUARED</strong></h1>



<p> Ça n&rsquo;aurait pas pu mieux tomber ! En 2018, lorsque nous avons décidé d&rsquo;intégrer les savons artisanaux en matières premières du commerce équitable dans notre gamme, nous avons fait une rencontre du destin. À l&rsquo;époque, nous avions déjà fabriqué les premiers prototypes de nos savons naturels et étions en train d&rsquo;en organiser la production. Quelques questions restaient cependant ouvertes : qui va prendre en charge cette production ? Quelles sortes de savons vont venir compléter la gamme FAIR SQUARED ? Comment faire pour que tout cela soit le plus équitable et écologique possible ? Un jour nous avons eu une réponse à notre petite annonce, qui a attiré toute notre attention. </p>



<h2 class="wp-block-heading"> Un colonais d&rsquo;Alep nous a écrit</h2>



<p> Quelqu&rsquo;un d&rsquo;agréable, de Cologne avec un CV qui nous a tout de suite interpelés. Mohamad Khiro, qui vit avec sa femme et ses six enfants dans un quartier au sud de Cologne nous a envoyé sa candidature. Quand nous l&rsquo;avons invité à un entretien, il nous a raconté une histoire que nous ne pouvions pas garder pour nous, son histoire. </p>



<h2 class="wp-block-heading"> LA SYRIE, PAYS EN GUERRE : À L&rsquo;ORIGINE DU TRÈS CONNU SAVON D&rsquo;ALEP</h2>



<p> La ville d&rsquo;Alep en Syrie, d&rsquo;où la famille Khiro est originaire, est mondialement connue pour ses savons naturels. D&rsquo;ailleurs, on associe facilement la ville d&rsquo;Alep au savon traditionel. Ces dernières années, l&rsquo;histoire de cette ville est inévitablement associée à la guerre civile. Beaucoup de gens comme Mohamad et sa famille ont vécu cette histoire avant de prendre la fuite par le Liban pour aller en Allemagne. </p>



<h2 class="wp-block-heading"> D&rsquo;ALEP À COLOGNE </h2>



<p> Même si cela fait un peu cliché, c&rsquo;est une histoire vraie : dans sa ville d&rsquo;origine à Alep, Mohamad avait une entreprise fleurissante, dont les 15 employés produisaient et commercialisaient du savon et des produits d&rsquo;entretien. En 2011, lorsque la situation se compliqua, son entreprise et sa maison furent totalement détruites. L&rsquo;idée de devoir quitter le pays se précisa. Après un séjour d&rsquo;un an et demi au Liban, ils se mirent en chemin vers l&rsquo;Allemagne en décembre 2013. La famille Khiro vit depuis 2015 dans une ville voisine de Cologne. En ce qui concerne Mohamad, il n&rsquo;a jamais renoncé à l&rsquo;idée de poursuivre dans la fabrication du savon. En 2017, il a créé une petite entreprise pour pouvoir continuer à se consacrer à la production du savon d&rsquo;Alep. Ce n&rsquo;était que le début&#8230; </p>



<h2 class="wp-block-heading"> ET UNE CHOSE EN ENTRAINA UNE AUTRE&nbsp; </h2>



<p> Depuis début 2019, Mohamad est un membre de notre équipe et chez nous, il peut poursuivre avec dévouement ce qu&rsquo;il faisait il y a déjà quelques années en Syrie. Nous sommes fiers qu&rsquo;il fasse désormais partie de notre équipe. </p>



<h2 class="wp-block-heading"> MAIS EN QUOI CONSISTE LE TRAVAIL DE MOHAMAD CHEZ NOUS&nbsp;? </h2>



<p> Mohamad fabrique le savon syrien, qui ne contient ni parfum, ni colorants, ni conservateurs, ni arômes artificiels, selon les procédés traditionels avec tout l&rsquo;art d&rsquo;un maître savonnier d&rsquo;Alep. Comme il les fabrique pour nous et que nous sommes une entreprise Fairtrade, il utilise exclusivement de l&rsquo;huile d&rsquo;olive Fairtrade et de l&rsquo;huile précieuse de laurier provenant d&rsquo;une plantation biologique.  </p>



<h2 class="wp-block-heading"> SAVONS ARTISANAUX FAIRTRADE DE RHÉNANIE </h2>



<p> En plus des savons naturels traditionels syriens, Mohamad produit aussi d&rsquo;autres sortes de savons solides, parmi lesquels le savon FAIR SQUARED à la bière bio Kölsch de la brasserie Heller. Ce savon est destiné aux cheveux et au cuir chevelu et en fonction des autres ingrédients qui entrent dans sa composition, il exerce une action soignante pour les différents types de cheveux et de cuirs chevelus. L&rsquo;idée sous-jacente de nos savons à la bière nous est venue car avant, les boissons contenant du houblon étaient utilisées sur les cheveux et le cuir chevelu en raison de leur taux élevé en oligoéléments et minéraux. On attribue un effet miraculeux à cette recette de grand-mère. Tout aussi miraculeux que le hasard de notre rencontre avec Mohamad. </p>
</div>
</div>



<h2 class="wp-block-heading"> </h2>



<p> </p>



<p> </p>



<p></p>

<p>Mohamad et les savons FAIR SQUARED Ça n&rsquo;aurait pas pu mieux tomber ! En 2018, lorsque nous avons décidé d&rsquo;intégrer les savons artisanaux en matières premières du commerce équitable dans notre gamme, nous avons fait une rencontre du destin. À l&rsquo;époque, nous avions déjà fabriqué les premiers prototypes [&hellip;]</p>
